{"id":5161,"date":"2022-11-14T11:59:30","date_gmt":"2022-11-14T15:59:30","guid":{"rendered":"https:\/\/minaguas.gob.ve\/?page_id=5161"},"modified":"2022-11-14T11:59:30","modified_gmt":"2022-11-14T15:59:30","slug":"estrategias","status":"publish","type":"page","link":"https:\/\/minaguas.gob.ve\/?page_id=5161","title":{"rendered":"Estrategias"},"content":{"rendered":"\n<p>\u2022 Fortalecer la Gesti\u00f3n Integral del Agua en Cuencas Hidrogr\u00e1ficas con \u00e9nfasis en la protecci\u00f3n, aprovechamiento sustentable y recuperaci\u00f3n de las aguas tanto superficiales como subterr\u00e1neas, generando proyectos de cooperaci\u00f3n nacionales e internacionales en materia de tecnolog\u00eda e infraestructura, con el fin de satisfacer las necesidades humanas, ecol\u00f3gicas y la demanda generada por los procesos productivos del pa\u00eds.<\/p>\n\n\n\n<p>\u2022 Ampliaci\u00f3n, operaci\u00f3n y mantenimiento de la infraestructura de almacenamiento y distribuci\u00f3n de agua potable.<\/p>\n\n\n\n<p>\u2022 Ampliaci\u00f3n y acondicionamiento de la infraestructura de redes de recolecci\u00f3n y sistemas de tratamiento de aguas servidas.<\/p>\n\n\n\n<p>\u2022 Desarrollo y consolidaci\u00f3n del Consejo Nacional de las Aguas, Consejos de Regiones y Cuencas Hidrogr\u00e1ficas.<\/p>\n\n\n\n<p>\u2022 Actualizaci\u00f3n de la normativa vigente que rige el sector, para que se encuentre enmarcada en el contexto geo-pol\u00edtico que amenaza a la naci\u00f3n y asegure la soberan\u00eda en el Sistema H\u00eddrico Nacional.<\/p>\n","protected":false},"excerpt":{"rendered":"<p>\u2022 Fortalecer la Gesti\u00f3n Integral del Agua en Cuencas Hidrogr\u00e1ficas con \u00e9nfasis en la protecci\u00f3n, aprovechamiento sustentable y recuperaci\u00f3n de las aguas tanto superficiales como subterr\u00e1neas, generando proyectos de cooperaci\u00f3n nacionales e internacionales en materia de tecnolog\u00eda e infraestructura, con el fin de satisfacer las necesidades humanas, ecol\u00f3gicas y la demanda generada por los procesos [&hellip;]<\/p>\n","protected":false},"author":2,"featured_media":0,"parent":0,"menu_order":0,"comment_status":"closed","ping_status":"closed","template":"","meta":{"footnotes":""},"class_list":["post-5161","page","type-page","status-publish","hentry"],"_links":{"self":[{"href":"https:\/\/minaguas.gob.ve\/index.php?rest_route=\/wp\/v2\/pages\/5161","targetHints":{"allow":["GET"]}}],"collection":[{"href":"https:\/\/minaguas.gob.ve\/index.php?rest_route=\/wp\/v2\/pages"}],"about":[{"href":"https:\/\/minaguas.gob.ve\/index.php?rest_route=\/wp\/v2\/types\/page"}],"author":[{"embeddable":true,"href":"https:\/\/minaguas.gob.ve\/index.php?rest_route=\/wp\/v2\/users\/2"}],"replies":[{"embeddable":true,"href":"https:\/\/minaguas.gob.ve\/index.php?rest_route=%2Fwp%2Fv2%2Fcomments&post=5161"}],"version-history":[{"count":0,"href":"https:\/\/minaguas.gob.ve\/index.php?rest_route=\/wp\/v2\/pages\/5161\/revisions"}],"wp:attachment":[{"href":"https:\/\/minaguas.gob.ve\/index.php?rest_route=%2Fwp%2Fv2%2Fmedia&parent=5161"}],"curies":[{"name":"wp","href":"https:\/\/api.w.org\/{rel}","templated":true}]}}