{"id":248,"date":"2021-08-17T12:37:44","date_gmt":"2021-08-17T16:37:44","guid":{"rendered":"https:\/\/minaguas.gob.ve\/?page_id=248"},"modified":"2021-08-17T12:37:44","modified_gmt":"2021-08-17T16:37:44","slug":"direccion-general-de-tratamiento-de-agua-potable-y-residuales","status":"publish","type":"page","link":"https:\/\/minaguas.gob.ve\/?page_id=248","title":{"rendered":"DIRECCI\u00d3N GENERAL DE TRATAMIENTO DE AGUA POTABLE Y RESIDUALES"},"content":{"rendered":"<h2 class=\"headertekst\">DIRECCI\u00d3N GENERAL DE TRATAMIENTO DE AGUA POTABLE Y RESIDUALES<\/h2>\n<p>&nbsp;<\/p>\n<p><strong>Tratamientos de aguas servidas<\/strong><\/p>\n<p>Cada vivienda e industria debe estar conectada a una red de aguas servidas , la cual a trav\u00e9s de estaciones de bombeo se env\u00edan las aguas servidas a la Planta de Tratamiento, ubicada en un sector fuera de la ciudad. Estas aguas ingresan a tanques especiales donde reciben el primer tratamiento, que consiste en la extracci\u00f3n de substancias s\u00f3lidas en suspensi\u00f3n, grasas y arena. El ciclo contin\u00faa con la eliminaci\u00f3n de fango, g\u00e9rmenes y pat\u00f3genos, para, finalmente, descargar el agua tratada al r\u00edo o usadas para riego. Esta agua cumple con los par\u00e1metros que exigen las normas medio ambientales y es fiscalizada por los organismos p\u00fablicos de control.<\/p>\n<p>Las aguas residuales incluyen las aguas usadas, dom\u00e9sticas, urbanas y los residuos l\u00edquidos industriales o mineros eliminados, o las aguas que se mezclaron con las anteriores (aguas pluviales o naturales). Su importancia es tal que requiere sistemas de canalizaci\u00f3n, tratamiento y desalojo.<\/p>\n<p><strong>Tecnolog\u00edas convencionales en agua potable<\/strong><\/p>\n<p>El abastecimiento del agua para la satisfacci\u00f3n de las necesidades b\u00e1sicas debe realizarse en armon\u00eda con la naturaleza. El agua es indispensable para la vida y es necesario poner a disposici\u00f3n de los consumidores un abastecimiento satisfactorio, haciendo todo lo posible para obtener la mejor calidad que la tecnolog\u00eda permita.<\/p>\n<p>El primer objetivo es proteger al agua de la contaminaci\u00f3n, lo que se obtiene mediante la protecci\u00f3n de la fuente de abastecimiento, antes que la remoci\u00f3n de contaminantes del agua para hacerla apta para su consumo.<\/p>\n<p>La fuente de abastecimiento y las circunstancias en el sitio en particular son lo que definir\u00e1n la calidad del agua de dicha fuente, las dificultades que tendr\u00e1n que enfrentarse para hacerla potable y las complejidades de los tratamientos que se deber\u00e1n aplicar para convertirla en inocua (una de las caracter\u00edsticas principales que debe cumplir el agua para ser considerada apta para el consumo humano). Puede decirse que, en general, el agua subterr\u00e1nea es de mejor calidad y requiere menos tratamiento para su uso puesto que no acarrea sedimentos suspendidos, mientras que el agua superficial, por esa raz\u00f3n, requiere de 64 tratamientos diferentes y m\u00e1s complejos para la remoci\u00f3n de esos s\u00f3lidos suspendidos y sustancias asociadas.<\/p>\n<p>El primer paso para potabilizar agua es determinar la calidad inicial del agua en la fuente de abastecimiento, lo que permitir\u00e1 dise\u00f1ar el tratamiento necesario.<\/p>\n<p>Es posible que el agua contenga metales, materia org\u00e1nica disuelta o en part\u00edculas, color, sabor y olor desagradable, bacterias, virus, par\u00e1sitos y otros microorganismos, grandes cantidades de calcio y magnesio, hierro y manganeso, carbonatos, bicarbonatos, cloruros o sulfatos en exceso, sustancias org\u00e1nicas de toxicidad elevada, entre otros. La lista puede ser muy larga y sin embargo, son pocas las sustancias cuya presencia se verifica en el agua para el consumo. Existen tratamientos f\u00edsicos, qu\u00edmicos, biol\u00f3gicos y combinaciones de ellos para la potabilizaci\u00f3n.<\/p>\n<p><strong>Potabilizaci\u00f3n del agua<\/strong><\/p>\n<p>El proceso de potabilizaci\u00f3n tiene como objetivo la conversi\u00f3n del agua desde su estado natural hacia agua potable. En esta etapa el agua se extrae desde las fuentes naturales, que generalmente son los r\u00edos, donde la misma se encuentra en estado crudo o natural.<\/p>\n<p><strong>La potabilizaci\u00f3n del agua en fuentes superficiales.<\/strong><\/p>\n<p><img loading=\"lazy\" decoding=\"async\" class=\"wp-image-249 size-full aligncenter\" src=\"https:\/\/minaguas.gob.ve\/wp-content\/uploads\/2021\/08\/proceso_de_tratamiento_del_agua.jpg\" alt=\"\" width=\"728\" height=\"546\" srcset=\"https:\/\/minaguas.gob.ve\/wp-content\/uploads\/2021\/08\/proceso_de_tratamiento_del_agua.jpg 728w, https:\/\/minaguas.gob.ve\/wp-content\/uploads\/2021\/08\/proceso_de_tratamiento_del_agua-300x225.jpg 300w\" sizes=\"auto, (max-width: 728px) 100vw, 728px\" \/><\/p>\n<p>En este caso, al estar m\u00e1s expuesta a sustancias da\u00f1inas, presenta un sistema m\u00e1s complejo de potabilizaci\u00f3n. La calidad del agua extra\u00edda va a estar ligada adem\u00e1s a las diferentes variables que pueden afectar el proceso, como son el factor tiempo, es decir, puede variar de un d\u00eda a otro o depender del comportamiento de cada estaci\u00f3n. Por ejemplo, en verano, el agua es m\u00e1s turbia que en invierno. El modo m\u00e1s com\u00fan de potabilizar el agua de una fuente superficial es el r\u00edo. Este proceso consta de variadas etapas sucesivas, que se complementan, es decir, lo que no se pudo eliminar en una etapa, se desecha durante la siguiente, hasta lograr limpiarla completamente.<\/p>\n<p><strong>El proceso de potabilizaci\u00f3n del agua se divide en 8 pasos:<\/strong><\/p>\n<p>R\u00edo: El agua para potabilizar, es decir, para que sea apta para el consumo humano, puede obtenerse de fuentes superficiales (r\u00edos, lagos, diques) o fuentes subterr\u00e1neas (aguas de perforaci\u00f3n).<\/p>\n<ol>\n<li>Toma: Aqu\u00ed se capta el agua. En ella se encuentra un sistema de rejas y compuertas que retienen los materiales de gran tama\u00f1o (palos, maderas, pl\u00e1sticos, etc.) para evitar que entren al acueducto o canal abierto que conduce el agua hacia el establecimiento potabilizador.<\/li>\n<li>Presedimentador: Aqu\u00ed, el agua circula lentamente para que la arena y otros s\u00f3lidos pesados en suspensi\u00f3n, caigan al fondo. El agua con menos material suspendido, pero todav\u00eda turbia, se desborda por la parte superior de las piletas y pasa a otra etapa.<\/li>\n<li>Agregado de coagulantes: Las part\u00edculas en suspensi\u00f3n que no caen por su propio peso y son tratadas con productos qu\u00edmicos (cal y sulfato de aluminio) para que se agrupen en peque\u00f1as pelotitas llamadas fl\u00f3culos.<\/li>\n<li>Floculador: En este equipo el agua cambia de velocidad y se agita con paletas o canales en forma de serpent\u00edn que permite que los fl\u00f3culos peque\u00f1os se mezclen y formen fl\u00f3culos m\u00e1s grandes y pesados.Sedimentador: Estas grandes piletas permiten que los fl\u00f3culos, ya grandes, caigan al fondo por su propio peso. En el tramo final de las piletas hay vertederos que toman las capas superiores de agua m\u00e1s clara y la env\u00edan al siguiente equipo.<\/li>\n<li>Filtro: Todo lo que no precipit\u00f3 en el sedimentador es retenido en el filtro. Los filtros son piletas con un manto de arena y piedritas que retienen part\u00edculas, microorganismos y fl\u00f3culos que no precipitaron en el sedimentador. El agua entra por encima del filtro y por efecto de su peso, cae por el manto filtrante hacia abajo. El agua clara que sale es enviada mediante ca\u00f1er\u00edas a la etapa de desinfecci\u00f3n.<\/li>\n<li>Reserva y desinfecci\u00f3n: En un gran tanque el agua limpia se acumula y desinfecta para ser distribuida a los usuarios. La desinfecci\u00f3n se hace con cloro, que es un gas que elimina todas las bacterias que a\u00fan quedan.<\/li>\n<li style=\"list-style-type: none;\"><\/li>\n<\/ol>\n<ol>\n<li style=\"list-style-type: none;\"><\/li>\n<\/ol>\n<ol>\n<li style=\"list-style-type: none;\"><\/li>\n<\/ol>\n<ol>\n<li style=\"list-style-type: none;\"><\/li>\n<\/ol>\n<ol>\n<li style=\"list-style-type: none;\"><\/li>\n<\/ol>\n","protected":false},"excerpt":{"rendered":"<p>DIRECCI\u00d3N GENERAL DE TRATAMIENTO DE AGUA POTABLE Y RESIDUALES &nbsp; Tratamientos de aguas servidas Cada vivienda e industria debe estar conectada a una red de aguas servidas , la cual a trav\u00e9s de estaciones de bombeo se env\u00edan las aguas servidas a la Planta de Tratamiento, ubicada en un sector fuera de la ciudad. Estas [&hellip;]<\/p>\n","protected":false},"author":2,"featured_media":0,"parent":0,"menu_order":0,"comment_status":"closed","ping_status":"closed","template":"","meta":{"footnotes":""},"class_list":["post-248","page","type-page","status-publish","hentry"],"_links":{"self":[{"href":"https:\/\/minaguas.gob.ve\/index.php?rest_route=\/wp\/v2\/pages\/248","targetHints":{"allow":["GET"]}}],"collection":[{"href":"https:\/\/minaguas.gob.ve\/index.php?rest_route=\/wp\/v2\/pages"}],"about":[{"href":"https:\/\/minaguas.gob.ve\/index.php?rest_route=\/wp\/v2\/types\/page"}],"author":[{"embeddable":true,"href":"https:\/\/minaguas.gob.ve\/index.php?rest_route=\/wp\/v2\/users\/2"}],"replies":[{"embeddable":true,"href":"https:\/\/minaguas.gob.ve\/index.php?rest_route=%2Fwp%2Fv2%2Fcomments&post=248"}],"version-history":[{"count":0,"href":"https:\/\/minaguas.gob.ve\/index.php?rest_route=\/wp\/v2\/pages\/248\/revisions"}],"wp:attachment":[{"href":"https:\/\/minaguas.gob.ve\/index.php?rest_route=%2Fwp%2Fv2%2Fmedia&parent=248"}],"curies":[{"name":"wp","href":"https:\/\/api.w.org\/{rel}","templated":true}]}}